d by 6?
4
Let u(m) = m**3 - 7*m**2 + 7*m - 5. Let o(s) = -14 + 4*s + 0*s + 3*s + s - s**2. Calculate the remainder when o(5) is divided by u(6).
0
Let s(a) = a**2 + a + 1. Let l = -2 + 7. Suppose -l*h = 5*r + 45, -r = -3*h - 7 - 8. What is the remainder when s(h) is divided by 16?
15
Let k(r) = 19*r. Suppose 20 = 15*l - 13*l. What is the remainder when k(1) is divided by l?
9
Let d = 18 + 8. Calculate the remainder when 155 is divided by d.
25
Suppose 3*b - 2*b - 96 = -2*o, -3*o + 133 = -4*b. What is the remainder when o is divided by 25?
22
Let w = 0 - -41. Suppose 0*v = -3*v + 33. What is the remainder when w is divided by v?
8
Let p(f) = f**2 + 3*f + 3. Suppose 4*t = -0*t + 24. Calculate the remainder when p(3) is divided by t.
3
Suppose 3*r + 6 = 66. Suppose -2*v + 3*v = 39. Calculate the remainder when v is divided by r.
19
Calculate the remainder when 4/(12/(-27))*-7 is divided by 16.
15
Suppose 5*o + 25 = 0, -3*o - 6 - 2 = i. Suppose -3*a = -i*a + 4. Calculate the remainder when (-2)/3 - (-16)/6 is divided by a.
0
Let r be ((-12)/8)/((-3)/4). Suppose 20 = -5*z, -5*y - 6*z + r*z = -174. Calculate the remainder when y is divided by 13.
12
Let x(h) be the first derivative of h**3/3 - 7*h**2/2 - 8*h + 1. Let y be 6*(9/6 + 0). Calculate the remainder when x(y) is divided by 4.
2
Suppose 3*x + x = 76. What is the remainder when 55 is divided by x?
17
Let l(m) = m**2 - 7*m - 4. Calculate the remainder when 12 is divided by l(8).
0
Let x(w) = -2*w**3 - 1. Calculate the remainder when x(-3) is divided by 99/7 + (-24)/(-28) + -1.
11
Let m be (-79)/9 + 16/(-72). Let n(j) = -j + 3. Suppose 0*s + 134 = 4*b + s, 0 = -2*b - 2*s + 70. What is the remainder when b is divided by n(m)?
9
Suppose -4*q + 2*v + 18 = 0, -25 = -5*q + 4*v - v. Suppose -3*n - q*n + 40 = 0. Let l(p) = -2*p + 2. What is the remainder when l(-6) is divided by n?
6
Suppose 0 = 2*r + 2*b - 36, -5*b - 29 = 4*r - 98. What is the remainder when r is divided by 8?
5
Suppose -5*r + 3*p = -r - 2, 5*p - 10 = 0. Suppose 4*f + 32 = 4*u, 0*f + 4*f + 40 = r*u. Let v = -7 - f. Calculate the remainder when 13 is divided by v.
3
Suppose 2*u = -0*u + 6. Suppose 2*g + 6 = 0, 2*i + u*g - 31 = -2*i. Calculate the remainder when i is divided by 4.
2
Suppose 5*n - 3*j = 1524, -2*n - 4*j + 111 + 483 = 0. Let d(s) = s**2 + 2*s + 4. What is the remainder when 4/12 + n/9 is divided by d(-4)?
10
Let p = 129 - 66. Let g(c) = -c**2 + 9*c - 2. What is the remainder when p is divided by g(6)?
15
Let o be -3*(0 - -2 - -1). What is the remainder when 8/(-12) + (-618)/o is divided by 14?
12
Let s = 19 + 7. Suppose -35 = -4*l - 7. Let r = 21 - l. What is the remainder when s is divided by r?
12
Let g = 19 + -5. Let w = -27 - -66. What is the remainder when w is divided by g?
11
Let n(t) = t**2 + 1. Let z = -169 + 314. Suppose 2*c + 3*c = z. Calculate the remainder when c is divided by n(3).
9
Let a = -27 - -40. Calculate the remainder when 25 is divided by a.
12
Calculate the remainder when 5058/162 + 4/(-18) is divided by 17.
14
Let i = -8 - -13. Suppose h - 3*x - 28 = 0, -h - 128 = -i*h + 4*x. What is the remainder when h is divided by 12?
10
Suppose v + 1 = 3. Suppose -3*t = -v*b - 2*b - 1, t - 4*b = -5. What is the remainder when 6 is divided by t?
0
Let y = -12 - -5. Let n(j) = -1 - 4 - j + 0. Calculate the remainder when 2 is divided by n(y).
0
Suppose -p + 3*u - 1 + 10 = 0, 2*p - 5*u - 18 = 0. Let x be 2/1*p/6. Let a = x - 0. Calculate the remainder when 4 is divided by a.
1
Suppose 0 = -3*a - 2*a - 20. Calculate the remainder when 54 is divided by (-308)/(-16) - (-1)/a.
16
Suppose g = -3*u + 13 + 12, -3*g = u - 51. Calculate the remainder when ((-15)/(-4))/(6/g) is divided by ((28/(-8))/7)/((-2)/16).
2
Let l be -1*(-6)/8*24. Suppose c = -2*c + l. Calculate the remainder when (-32)/(-10)*(12 + -2)/2 is divided by c.
4
Let m = -21 - -6. Calculate the remainder when 14 is divided by 20*(24/m)/(-4).
6
Let h be (-1 + -13)/(3/3). Let j be (-4)/h + 5/7. Let d(u) = 2*u**2 - u + 1. Calculate the remainder when 5 is divided by d(j).
1
Let b(a) = 5*a - 1. What is the remainder when b(6) is divided by (-6*(-50)/60)/((-1)/(-2))?
9
Let z(s) = -s**3 + 17*s**2 + 2*s + 23. Calculate the remainder when z(17) is divided by 12.
9
Let w = -2 + 5. Suppose 2*b = w*b - 20. Calculate the remainder when 38 is divided by b.
18
Suppose 52 = 2*x - 78. Suppose 0 = 5*j - x + 25. What is the remainder when j is divided by 5?
3
Let t = 78 + -64. What is the remainder when 24 is divided by t?
10
Let g(t) = 2*t**2 - 4*t + 4. Calculate the remainder when g(-4) is divided by 11.
8
Let s be ((-56)/12)/7*-57. Suppose 4*c = -3*b + 176, 4*b - 3*c - 141 = b. Suppose -b - s = -5*k. What is the remainder when k is divided by 10?
8
Let u = -3 - -5. Let c be -2 - -10 - u - 3. Suppose 8 = c*g - 28. Calculate the remainder when 23 is divided by g.
11
Let m = -70 + 73. Suppose f + 3*a - 2 = 0, 4*f - f + 4*a = 11. What is the remainder when f is divided by m?
2
Suppose 5*f + 4*f = 27. Calculate the remainder when f is divided by 1.
0
Let a(h) = 2*h**2 + 10*h. Let q(f) = -f + 1. Let j(l) = a(l) + 5*q(l). Suppose 7*z - 2*z - 160 = 0. What is the remainder when z is divided by j(-4)?
15
Let t be 2/2 + -1 - 0. Calculate the remainder when 16 + 1 + -2 + 4 is divided by (t - 1/3)*-21.
5
Calculate the remainder when (3 - 1 - 2) + 90/2 is divided by 23.
22
Let i = 1 + 1. Suppose g - i*g = -11. Suppose -4*f - b + 89 = -0*b, 2*b - 10 = 0. Calculate the remainder when f is divided by g.
10
Suppose -2*d + 154 = 5*o, 4*d = 5*o - 52 - 90. Suppose g + o = 3*g. Suppose 3*v - x - 104 = 29, -v = 2*x - 42. Calculate the remainder when v is divided by g.
14
Suppose -152*y = -148*y - 80. Calculate the remainder when y is divided by 4.
0
Suppose 0*o = 4*n + o - 470, -2*n - 2*o = -238. Calculate the remainder when n is divided by 40.
37
Let o = -21 - -23. Suppose -4*d = d - 10. Suppose -4*m + d*t + 20 = -0*m, -m = -2*t - 8. Calculate the remainder when m is divided by o.
0
Let x = 26 + 12. What is the remainder when x is divided by 13?
12
Let f = 109 - 51. Let t = f + -34. What is the remainder when 46 is divided by t?
22
Suppose l + 2*l = 9. Suppose -8 = -l*y - y. What is the remainder when 4 is divided by y?
0
Suppose -3*y = -2*y - 1, -q - y + 5 = 0. Suppose -52 = -q*z - 0*z. What is the remainder when 49 is divided by z?
10
Let v = -11 + 36. Suppose -4*d - 16 = -0*d. Let x = 69 - d. What is the remainder when x is divided by v?
23
Suppose u - 16 = -3*u. Suppose 196 = 5*a - y, u = -2*a + 4*y + 68. Suppose 3*f - a = f. Calculate the remainder when 59 is divided by f.
19
Let w be ((-30)/(-8))/((-2)/(-8)). Let s = 30 - w. Calculate the remainder when 29 is divided by s.
14
Let s(v) = -v + 9. Let g(x) = x**3 + 14*x**2 + 10*x - 30. What is the remainder when g(-13) is divided by s(4)?
4
Suppose -10*z = -2*z - 208. What is the remainder when z is divided by 10?
6
Suppose -19 = -6*k + 47. What is the remainder when 52 is divided by k?
8
Suppose 13 = 4*o - 51. Let i be (-5)/3 - (-2)/(-6). What is the remainder when o is divided by (i + 0)*(-18)/4?
7
Suppose -2*j + 3*t = 7*t - 22, j - 2*t + 5 = 0. Let n = 7 + -5. Calculate the remainder when n/((-2)/(-10)*1) is divided by j.
1
Let t = 15 - 10. What is the remainder when 18 is divided by t?
3
Calculate the remainder when 2 is divided by (3/1)/(-2 - -5).
0
Let f(o) be the first derivative of -o**2/2 - 8*o + 5. Calculate the remainder when f(-12) is divided by 2.
0
Suppose 0 = y - 2*y + 5. Let u = -4 - -4. Suppose h + 4*x = 0, -x = -u*h + 4*h - 30. Calculate the remainder when h is divided by y.
3
Calculate the remainder when 37 is divided by (-340)/(-35) - 4/(-14).
7
Suppose -2*l - 1 + 9 = 2*w, 3*l = 2*w - 8. Suppose l = -3*a - 3 + 6. What is the remainder when 2 is divided by a?
0
Let q = -4 - -7. Calculate the remainder when q is divided by 2.
1
Suppose -y + 24 = -5*f, -4*y + 0*f = -f - 39. What is the remainder when 107 is divided by y?
8
Let m(a) = a**2 - 2*a - 3. Let d be m(3). Suppose d = -4*q + 2*q. Let z(k) = -k**3 + 4. Calculate the remainder when 11 is divided by z(q).
3
Calculate the remainder when 1/(-3) + 0 + (-1960)/(-21) is divided by 32.
29
Let z = -34 - -48. Let k = 10 + -5. Calculate the remainder when z is divided 